culate the remainder when 267 is divided by 73.
48
What is the remainder when 558 is divided by 265?
28
Calculate the remainder when 1126 is divided by 63.
55
What is the remainder when 1377 is divided by 13?
12
What is the remainder when 35234 is divided by 46?
44
What is the remainder when 715 is divided by 128?
75
What is the remainder when 458 is divided by 151?
5
What is the remainder when 178 is divided by 114?
64
Calculate the remainder when 1309 is divided by 8.
5
What is the remainder when 36 is divided by 12?
0
What is the remainder when 314 is divided by 303?
11
Calculate the remainder when 289 is divided by 21.
16
Calculate the remainder when 1229 is divided by 7.
4
What is the remainder when 4597 is divided by 63?
61
Calculate the remainder when 11158 is divided by 248.
246
What is the remainder when 217 is divided by 47?
29
What is the remainder when 393 is divided by 19?
13
Calculate the remainder when 222 is divided by 7.
5
What is the remainder when 23711 is divided by 26?
25
Calculate the remainder when 380 is divided by 33.
17
What is the remainder when 502 is divided by 35?
12
Calculate the remainder when 205 is divided by 45.
25
Calculate the remainder when 139 is divided by 41.
16
Calculate the remainder when 48285 is divided by 32.
29
What is the remainder when 20028 is divided by 67?
62
Calculate the remainder when 744 is divided by 9.
6
What is the remainder when 504 is divided by 176?
152
What is the remainder when 999 is divided by 870?
129
Calculate the remainder when 9275 is divided by 4632.
11
Calculate the remainder when 83 is divided by 40.
3
What is the remainder when 153 is divided by 41?
30
What is the remainder when 58 is divided by 16?
10
What is the remainder when 301 is divided by 9?
4
What is the remainder when 815 is divided by 34?
33
What is the remainder when 608 is divided by 150?
8
What is the remainder when 888 is divided by 8?
0
Calculate the remainder when 7170 is divided by 552.
546
Calculate the remainder when 524 is divided by 133.
125
What is the remainder when 106 is divided by 36?
34
Calculate the remainder when 1953 is divided by 17.
15
Calculate the remainder when 25 is divided by 9.
7
What is the remainder when 1017 is divided by 6?
3
What is the remainder when 366 is divided by 85?
26
Calculate the remainder when 413 is divided by 23.
22
Calculate the remainder when 64 is divided by 37.
27
What is the remainder when 90 is divided by 25?
15
Calculate the remainder when 42 is divided by 25.
17
Calculate the remainder when 7137 is divided by 170.
167
What is the remainder when 633 is divided by 33?
6
Calculate the remainder when 191 is divided by 24.
23
Calculate the remainder when 288 is divided by 286.
2
What is the remainder when 2350 is divided by 587?
2
Calculate the remainder when 106 is divided by 28.
22
Calculate the remainder when 170 is divided by 57.
56
What is the remainder when 9 is divided by 7?
2
Calculate the remainder when 1097 is divided by 52.
5
What is the remainder when 175 is divided by 174?
1
What is the remainder when 8005 is divided by 143?
140
What is the remainder when 495 is divided by 110?
55
What is the remainder when 30656 is divided by 14?
10
Calculate the remainder when 50 is divided by 11.
6
What is the remainder when 699 is divided by 46?
9
Calculate the remainder when 76 is divided by 11.
10
What is the remainder when 4178 is divided by 123?
119
What is the remainder when 71 is divided by 44?
27
Calculate the remainder when 930 is divided by 84.
6
What is the remainder when 737 is divided by 5?
2
What is the remainder when 1141 is divided by 20?
1
Calculate the remainder when 6727 is divided by 210.
7
What is the remainder when 9 is divided by 6?
3
Calculate the remainder when 1654 is divided by 36.
34
What is the remainder when 1946 is divided by 320?
26
What is the remainder when 668 is divided by 110?
8
Calculate the remainder when 133 is divided by 5.
3
Calculate the remainder when 911 is divided by 296.
23
What is the remainder when 318 is divided by 82?
72
What is the remainder when 88 is divided by 25?
13
Calculate the remainder when 822 is divided by 90.
12
What is the remainder when 1012 is divided by 35?
32
Calculate the remainder when 60 is divided by 7.
4
Calculate the remainder when 14027 is divided by 84.
83
Calculate the remainder when 56 is divided by 30.
26
Calculate the remainder when 264 is divided by 133.
131
What is the remainder when 221 is divided by 98?
25
Calculate the remainder when 4668 is divided by 41.
35
What is the remainder when 433 is divided by 35?
13
What is the remainder when 255 is divided by 124?
7
What is the remainder when 328 is divided by 106?
10
Calculate the remainder when 3993 is divided by 91.
80
What is the remainder when 286 is divided by 12?
10
Calculate the remainder when 2538 is divided by 67.
59
Calculate the remainder when 417 is divided by 122.
51
Calculate the remainder when 27 is divided by 14.
13
Calculate the remainder when 426 is divided by 390.
36
Calculate the remainder when 2140 is divided by 39.
34
Calculate the remainder when 174 is divided by 26.
18
Calculate the remainder when 84 is divided by 22.
18
Calculate the remainder when 2810 is divided by 933.
11
What is the remainder when 3698 is divided by 19?
12
What is the remainder when 1400 is divided by 37?
31
Calculate the remainder when 31 is divided by 2.
1
What is the remainder when 72 is divided by 15?
12
Calculate the remainder when 36 is divided by 22.
14
What is the remainder when 104 is divided by 18?
14
Calculate the remainder when 334 is divided by 126.
82
What is the remainder when 525 is divided by 48?
45
What is the remainder when 25 is divided by 14?
11
Calculate the remainder when 134 is divided by 79.
55
Calculate the remainder when 649 is divided by 21.
19
Calculate the remainder when 343 is divided by 44.
35
What is the remainder when 647 is divided by 72?
71
What is the remainder when 113 is divided by 15?
8
What is the remainder when 69 is divided by 62?
7
Calculate the remainder when 115 is divided by 26.
11
What is the remainder when 1247 is divided by 95?
12
Calculate the remainder when 2085 is divided by 115.
15
What is the remainder when 185 is divided by 91?
3
What is the remainder when 901 is divided by 12?
1
What is the remainder when 406 is divided by 70?
56
What is the remainder when 510 is divided by 73?
72
Calculate the remainder when 475 is divided by 16.
11
What is the remainder when 426 is divided by 133?
27
Calculate the remainder when 104 is divided by 48.
8
Calculate the remainder when 542 is divided by 91.
87
What is the remainder when 644 is divided by 91?
7
What is the remainder when 45 is divided by 10?
5
What is the remainder when 835 is divided by 27?
25
Calculate the remainder when 639 is divided by 160.
159
Calculate the remainder when 504 is divided by 36.
0
What is the remainder when 158 is divided by 21?
11
What is the remainder when 3727 is divided by 41?
37
What is the remainder when 36 is divided by 33?
3
Calculate the remainder when 103 is divided by 2.
1
What is the remainder when 113 is divided by 34?
11
Calculate the remainder when 3536 is divided by 27.
26
What is the remainder when 5949 is divided by 2972?
5
Calculate the remainder when 2568 is divided by 170.
18
Calculate the remainder when 153 is divided by 27.
18
Calculate the remainder when 176 is divided by 80.
16
Calculate the remainder when 779 is divided by 113.
101
What is the remainder when 211 is divided by 24?
19
What is the remainder when 542 is divided by 34?
32
What is the remainder when 208 is divided by 53?
49
What is the remainder when 2085 is divided by 689?
18
Calculate the remainder when 1386 is divided by 87.
81
What is the remainder when 165 is divided by 46?
27
Calculate the remainder when 113 is divided by 34.
11
Calculate the remainder when 3177 is divided by 53.
50
What is the remainder when 170 is divided by 74?
22
Calculate the remainder when 54 is divided by 32.
22
Calculate the remainder when 165 is divided by 41.
1
What is the remainder when 2901 is divided by 242?
239
Calculate the remainder when 5475 is divided by 911.
9
What is the remainder when 9345 is divided by 5?
0
What is the remainder w